{"id":313,"date":"2017-08-14T15:15:28","date_gmt":"2017-08-14T15:15:28","guid":{"rendered":"https:\/\/vihertyohelenius.fi\/?page_id=313"},"modified":"2025-01-14T15:18:58","modified_gmt":"2025-01-14T15:18:58","slug":"etusivu","status":"publish","type":"page","link":"https:\/\/vihertyohelenius.fi\/","title":{"rendered":"Etusivu"},"content":{"rendered":"<div class=\"wpb-content-wrapper\"><p>[vc_row][vc_column]\n\t\t\t<!-- START slider1 REVOLUTION SLIDER 6.7.23 --><p class=\"rs-p-wp-fix\"><\/p>\n\t\t\t<rs-module-wrap id=\"rev_slider_1_1_wrapper\" data-source=\"gallery\" style=\"visibility:hidden;background:transparent;padding:0;\">\n\t\t\t\t<rs-module id=\"rev_slider_1_1\" style=\"\" data-version=\"6.7.23\">\n\t\t\t\t\t<rs-slides style=\"overflow: hidden; position: absolute;\">\n\t\t\t\t\t\t<rs-slide style=\"position: absolute;\" data-key=\"rs-1\" data-title=\"Slide\" data-thumb=\"\/\/vihertyohelenius.fi\/wp-content\/uploads\/2025\/01\/vihertyo-helenius-1-100x50.png\" data-anim=\"adpr:false;ms:300;\" data-in=\"o:0;\" data-out=\"a:false;\">\n\t\t\t\t\t\t\t<img decoding=\"async\" src=\"\/\/vihertyohelenius.fi\/wp-content\/plugins\/revslider\/sr6\/assets\/assets\/dummy.png\" alt=\"\" title=\"vihertyo helenius 1\" width=\"1536\" height=\"1038\" class=\"rev-slidebg tp-rs-img rs-lazyload\" data-lazyload=\"\/\/vihertyohelenius.fi\/wp-content\/uploads\/2025\/01\/vihertyo-helenius-1.png\" data-no-retina>\n<!--\n\t\t\t\t\t\t\t--><rs-layer\n\t\t\t\t\t\t\t\tid=\"slider-1-slide-1-layer-1\" \n\t\t\t\t\t\t\t\tclass=\"font_family_title\"\n\t\t\t\t\t\t\t\tdata-type=\"text\"\n\t\t\t\t\t\t\t\tdata-color=\"#ffffff\"\n\t\t\t\t\t\t\t\tdata-rsp_ch=\"on\"\n\t\t\t\t\t\t\t\tdata-xy=\"x:c;y:c;yo:-73px;\"\n\t\t\t\t\t\t\t\tdata-text=\"s:140;l:160;ls:0px;a:inherit;\"\n\t\t\t\t\t\t\t\tdata-padding=\"r:3;l:3;\"\n\t\t\t\t\t\t\t\tdata-frame_0=\"o:1;\"\n\t\t\t\t\t\t\t\tdata-frame_0_chars=\"d:10;y:-50px;o:0;\"\n\t\t\t\t\t\t\t\tdata-frame_1=\"e:power4.inOut;sp:600;sR:10;\"\n\t\t\t\t\t\t\t\tdata-frame_1_chars=\"dir:edgetomiddle;d:10;\"\n\t\t\t\t\t\t\t\tdata-frame_999=\"o:0;st:w;sR:6590;\"\n\t\t\t\t\t\t\t\tstyle=\"z-index:5;font-family:'Roboto';\"\n\t\t\t\t\t\t\t>Viherty\u00f6t Akaassa \n\t\t\t\t\t\t\t<\/rs-layer><!--\n\n\t\t\t\t\t\t\t--><rs-layer\n\t\t\t\t\t\t\t\tid=\"slider-1-slide-1-layer-3\" \n\t\t\t\t\t\t\t\tclass=\"font_family_title\"\n\t\t\t\t\t\t\t\tdata-type=\"text\"\n\t\t\t\t\t\t\t\tdata-color=\"#ffffff\"\n\t\t\t\t\t\t\t\tdata-rsp_ch=\"on\"\n\t\t\t\t\t\t\t\tdata-xy=\"x:c;y:c;yo:75px;\"\n\t\t\t\t\t\t\t\tdata-text=\"s:140;l:160;a:inherit;\"\n\t\t\t\t\t\t\t\tdata-padding=\"r:2;l:2;\"\n\t\t\t\t\t\t\t\tdata-frame_0=\"o:1;\"\n\t\t\t\t\t\t\t\tdata-frame_0_words=\"d:10;sX:0.9;sY:0.9;o:0;\"\n\t\t\t\t\t\t\t\tdata-frame_1=\"st:1800;sp:1500;sR:1800;\"\n\t\t\t\t\t\t\t\tdata-frame_1_words=\"d:10;\"\n\t\t\t\t\t\t\t\tdata-frame_999=\"o:0;st:w;sR:5600;\"\n\t\t\t\t\t\t\t\tstyle=\"z-index:6;font-family:'Roboto';\"\n\t\t\t\t\t\t\t>sek\u00e4 ymp\u00e4rist\u00f6kunnissa \n\t\t\t\t\t\t\t<\/rs-layer><!--\n-->\t\t\t\t\t<\/rs-slide>\n\t\t\t\t\t\t<rs-slide style=\"position: absolute;\" data-key=\"rs-2\" data-title=\"Slide\" data-thumb=\"\/\/vihertyohelenius.fi\/wp-content\/uploads\/2025\/01\/lehdet-banner2-100x50.png\" data-anim=\"ms:300;\" data-in=\"o:0;\" data-out=\"a:false;\">\n\t\t\t\t\t\t\t<img decoding=\"async\" src=\"\/\/vihertyohelenius.fi\/wp-content\/plugins\/revslider\/sr6\/assets\/assets\/dummy.png\" alt=\"\" title=\"lehdet-banner2\" width=\"2312\" height=\"871\" class=\"rev-slidebg tp-rs-img rs-lazyload\" data-lazyload=\"\/\/vihertyohelenius.fi\/wp-content\/uploads\/2025\/01\/lehdet-banner2.png\" data-bg=\"p:center bottom;\" data-no-retina>\n<!--\n\t\t\t\t\t\t\t--><rs-layer\n\t\t\t\t\t\t\t\tid=\"slider-1-slide-2-layer-1\" \n\t\t\t\t\t\t\t\tclass=\"font_family_title\"\n\t\t\t\t\t\t\t\tdata-type=\"text\"\n\t\t\t\t\t\t\t\tdata-color=\"#ffffff\"\n\t\t\t\t\t\t\t\tdata-rsp_ch=\"on\"\n\t\t\t\t\t\t\t\tdata-xy=\"x:c;y:c;yo:-73px;\"\n\t\t\t\t\t\t\t\tdata-text=\"s:140;l:160;a:inherit;\"\n\t\t\t\t\t\t\t\tdata-padding=\"r:2;l:2;\"\n\t\t\t\t\t\t\t\tdata-frame_0=\"o:1;\"\n\t\t\t\t\t\t\t\tdata-frame_0_chars=\"d:10;y:-50px;o:0;\"\n\t\t\t\t\t\t\t\tdata-frame_1=\"e:power3.out;sp:600;sR:10;\"\n\t\t\t\t\t\t\t\tdata-frame_1_chars=\"dir:edgetomiddle;d:10;\"\n\t\t\t\t\t\t\t\tdata-frame_999=\"o:0;st:w;sR:7490;\"\n\t\t\t\t\t\t\t\tstyle=\"z-index:5;font-family:'Roboto';\"\n\t\t\t\t\t\t\t>Pihojen kunnossapito \n\t\t\t\t\t\t\t<\/rs-layer><!--\n\n\t\t\t\t\t\t\t--><rs-layer\n\t\t\t\t\t\t\t\tid=\"slider-1-slide-2-layer-3\" \n\t\t\t\t\t\t\t\tclass=\"font_family_title\"\n\t\t\t\t\t\t\t\tdata-type=\"text\"\n\t\t\t\t\t\t\t\tdata-color=\"#ffffff\"\n\t\t\t\t\t\t\t\tdata-rsp_ch=\"on\"\n\t\t\t\t\t\t\t\tdata-xy=\"x:c;y:c;yo:75px;\"\n\t\t\t\t\t\t\t\tdata-text=\"s:140;l:160;a:inherit;\"\n\t\t\t\t\t\t\t\tdata-padding=\"r:2;l:2;\"\n\t\t\t\t\t\t\t\tdata-frame_0=\"o:1;\"\n\t\t\t\t\t\t\t\tdata-frame_0_words=\"d:10;sX:0.9;sY:0.9;o:0;\"\n\t\t\t\t\t\t\t\tdata-frame_1=\"st:900;sp:1200;sR:900;\"\n\t\t\t\t\t\t\t\tdata-frame_1_words=\"d:10;\"\n\t\t\t\t\t\t\t\tdata-frame_999=\"o:0;st:w;sR:6800;\"\n\t\t\t\t\t\t\t\tstyle=\"z-index:6;font-family:'Roboto';\"\n\t\t\t\t\t\t\t>l\u00e4pi vuoden \n\t\t\t\t\t\t\t<\/rs-layer><!--\n-->\t\t\t\t\t<\/rs-slide>\n\t\t\t\t\t\t<rs-slide style=\"position: absolute;\" data-key=\"rs-3\" data-title=\"Slide\" data-thumb=\"\/\/vihertyohelenius.fi\/wp-content\/uploads\/2025\/01\/vihertyo-banner-scaled-100x50.jpg\" data-anim=\"e:slidingoverlay;ms:300;\" data-in=\"o:1;y:100%;\" data-out=\"a:false;\">\n\t\t\t\t\t\t\t<img decoding=\"async\" src=\"\/\/vihertyohelenius.fi\/wp-content\/plugins\/revslider\/sr6\/assets\/assets\/dummy.png\" alt=\"\" title=\"vihertyo-banner\" width=\"2560\" height=\"1920\" class=\"rev-slidebg tp-rs-img rs-lazyload\" data-lazyload=\"\/\/vihertyohelenius.fi\/wp-content\/uploads\/2025\/01\/vihertyo-banner-scaled.jpg\" data-no-retina>\n<!--\n\t\t\t\t\t\t\t--><rs-layer\n\t\t\t\t\t\t\t\tid=\"slider-1-slide-3-layer-1\" \n\t\t\t\t\t\t\t\tclass=\"font_family_title\"\n\t\t\t\t\t\t\t\tdata-type=\"text\"\n\t\t\t\t\t\t\t\tdata-color=\"#ffffff\"\n\t\t\t\t\t\t\t\tdata-rsp_ch=\"on\"\n\t\t\t\t\t\t\t\tdata-xy=\"x:c;y:c;yo:-73px;\"\n\t\t\t\t\t\t\t\tdata-text=\"s:140;l:160;a:inherit;\"\n\t\t\t\t\t\t\t\tdata-padding=\"r:2;l:2;\"\n\t\t\t\t\t\t\t\tdata-frame_0=\"o:1;\"\n\t\t\t\t\t\t\t\tdata-frame_0_chars=\"d:10;y:-50px;o:0;\"\n\t\t\t\t\t\t\t\tdata-frame_1=\"e:power3.out;sp:600;sR:10;\"\n\t\t\t\t\t\t\t\tdata-frame_1_chars=\"dir:edgetomiddle;d:10;\"\n\t\t\t\t\t\t\t\tdata-frame_999=\"o:0;st:w;sR:7390;\"\n\t\t\t\t\t\t\t\tstyle=\"z-index:5;font-family:'Roboto';\"\n\t\t\t\t\t\t\t>Aitojen leikkuut \n\t\t\t\t\t\t\t<\/rs-layer><!--\n\n\t\t\t\t\t\t\t--><rs-layer\n\t\t\t\t\t\t\t\tid=\"slider-1-slide-3-layer-3\" \n\t\t\t\t\t\t\t\tclass=\"font_family_title\"\n\t\t\t\t\t\t\t\tdata-type=\"text\"\n\t\t\t\t\t\t\t\tdata-color=\"#ffffff\"\n\t\t\t\t\t\t\t\tdata-rsp_ch=\"on\"\n\t\t\t\t\t\t\t\tdata-xy=\"x:c;y:c;yo:75px;\"\n\t\t\t\t\t\t\t\tdata-text=\"s:140;l:160;a:inherit;\"\n\t\t\t\t\t\t\t\tdata-padding=\"r:2;l:2;\"\n\t\t\t\t\t\t\t\tdata-frame_0=\"o:1;\"\n\t\t\t\t\t\t\t\tdata-frame_0_words=\"d:10;sX:0.9;sY:0.9;o:0;\"\n\t\t\t\t\t\t\t\tdata-frame_1=\"st:1000;sp:1500;sR:1000;\"\n\t\t\t\t\t\t\t\tdata-frame_1_words=\"d:10;\"\n\t\t\t\t\t\t\t\tdata-frame_999=\"o:0;st:w;sR:6400;\"\n\t\t\t\t\t\t\t\tstyle=\"z-index:6;font-family:'Roboto';\"\n\t\t\t\t\t\t\t>nostimella \n\t\t\t\t\t\t\t<\/rs-layer><!--\n-->\t\t\t\t\t<\/rs-slide>\n\t\t\t\t\t<\/rs-slides>\n\t\t\t\t<\/rs-module>\n\t\t\t\t<script>\n\t\t\t\t\tsetREVStartSize({c: 'rev_slider_1_1',rl:[1240,1024,778,480],el:[1000],gw:[1600],gh:[1000],type:'standard',justify:'',layout:'fullscreen',offsetContainer:'',offset:'',mh:\"0\"});if (window.RS_MODULES!==undefined && window.RS_MODULES.modules!==undefined && window.RS_MODULES.modules[\"revslider11\"]!==undefined) {window.RS_MODULES.modules[\"revslider11\"].once = false;window.revapi1 = undefined;if (window.RS_MODULES.checkMinimal!==undefined) window.RS_MODULES.checkMinimal()}\n\t\t\t\t<\/script>\n\t\t\t<\/rs-module-wrap>\n\t\t\t<!-- END REVOLUTION SLIDER -->\n[\/vc_column][\/vc_row][vc_row][vc_column][vc_empty_space height=&#8221;4.37em&#8221; alter_height=&#8221;none&#8221; hide_on_mobile=&#8221;&#8221;][vc_empty_space height=&#8221;4.37em&#8221; alter_height=&#8221;none&#8221; hide_on_mobile=&#8221;1,3,2&#8243;][\/vc_column][\/vc_row][vc_row][vc_column offset=&#8221;vc_col-lg-6 vc_col-xs-12&#8243;][vc_single_image image=&#8221;1898&#8243; img_size=&#8221;full&#8221; alignment=&#8221;center&#8221; css=&#8221;.vc_custom_1736865100665{background-position: center !important;background-repeat: no-repeat !important;background-size: cover !important;}&#8221;][vc_empty_space height=&#8221;1.8em&#8221; alter_height=&#8221;none&#8221; hide_on_mobile=&#8221;&#8221;][vc_empty_space height=&#8221;1.8em&#8221; alter_height=&#8221;none&#8221; hide_on_mobile=&#8221;2&#8243;][vc_empty_space height=&#8221;3.6em&#8221; alter_height=&#8221;none&#8221; hide_on_mobile=&#8221;1,3,2&#8243;][\/vc_column][vc_column offset=&#8221;vc_col-lg-6 vc_col-xs-12&#8243;]<div id=\"sc_content_1351280520\"\n\t\tclass=\"sc_content color_style_default sc_content_default sc_content_width_90p sc_float_left\"><div class=\"sc_content_container\"><div id=\"sc_title_739346078\"\n\t\tclass=\"sc_title color_style_default sc_title_default\"><h6 class=\"sc_item_subtitle sc_title_subtitle sc_align_left sc_item_title_style_default\">Viherpalvelut Akaassa sek\u00e4 ymp\u00e4rist\u00f6kunnissa.<\/h6><h3 class=\"sc_item_title sc_title_title sc_align_left sc_item_title_style_default\">Viherty\u00f6 Helenius<\/h3><\/div><!-- \/.sc_title -->[vc_empty_space height=&#8221;1.1em&#8221; alter_height=&#8221;none&#8221; hide_on_mobile=&#8221;&#8221;][vc_column_text css=&#8221;&#8221;]Viherty\u00f6t Helenius hoitaa kaikki viherpalvelut Akaassa sek\u00e4 ymp\u00e4rist\u00f6kunnissa!<\/p>\n<p>Palveluihin kuuluu mm:<\/p>\n<p>&#8211; Kattojen puhdistukset<br \/>\n&#8211; R\u00e4yst\u00e4skourujen puhdistukset<br \/>\n&#8211; Raivausty\u00f6t, sek\u00e4 puun kaadot tapauskohtaisesti<br \/>\n&#8211; Nurmikon leikkuu -ja rajausty\u00f6t<br \/>\n&#8211; Pihakivetysten tekeminen, sek\u00e4 puhdistusty\u00f6t<br \/>\n&#8211; Aitojen,pensaiden ja puiden alas-ja muotoonleikkuut<br \/>\n&#8211; Istutus, sek\u00e4 muut puutarhan ja viheralueiden ty\u00f6t<br \/>\n&#8211; Aitojen rakennus, sek\u00e4 muut pienet rakennusty\u00f6t<br \/>\n&#8211; Lumity\u00f6t, hiekotus, suolaus, sek\u00e4 lumenpudotukset.<\/p>\n<p>Ota yhteytt\u00e4![\/vc_column_text][vc_empty_space height=&#8221;3.6em&#8221; alter_height=&#8221;none&#8221; hide_on_mobile=&#8221;&#8221;][vc_empty_space height=&#8221;3.6em&#8221; alter_height=&#8221;none&#8221; hide_on_mobile=&#8221;1,3,2&#8243;]<\/div><\/div><!-- \/.sc_content --><div id=\"sc_content_513239875\"\n\t\tclass=\"sc_content color_style_default sc_content_default sc_content_width_100p sc_float_left\"><div class=\"sc_content_container\">[vc_empty_space height=&#8221;2.185em&#8221; alter_height=&#8221;none&#8221; hide_on_mobile=&#8221;&#8221;][vc_empty_space height=&#8221;2.185em&#8221; alter_height=&#8221;none&#8221; hide_on_mobile=&#8221;1&#8243;][vc_empty_space height=&#8221;4.37em&#8221; alter_height=&#8221;none&#8221; hide_on_mobile=&#8221;1,3,2&#8243;]<\/div><\/div><!-- \/.sc_content -->[\/vc_column][\/vc_row][vc_row][vc_column offset=&#8221;vc_col-lg-6 vc_col-md-12 vc_col-xs-12&#8243;][\/vc_column][\/vc_row][vc_row][vc_column width=&#8221;1\/2&#8243;][vc_empty_space height=&#8221;2.5em&#8221; alter_height=&#8221;none&#8221; hide_on_mobile=&#8221;&#8221;][\/vc_column][vc_column width=&#8221;1\/2&#8243;]<div id=\"sc_content_412313899\"\n\t\tclass=\"sc_content color_style_default sc_content_default sc_content_width_80p sc_float_left sc_align_left\"><div class=\"sc_content_container\"><div id=\"sc_title_36155018\"\n\t\tclass=\"sc_title color_style_default sc_title_default\"><h6 class=\"sc_item_subtitle sc_title_subtitle sc_align_left sc_item_title_style_default\">Yhteystiedot<\/h6><h3 class=\"sc_item_title sc_title_title sc_align_left sc_item_title_style_default\">Ota yhteytt\u00e4<\/h3><div class=\"sc_item_descr sc_title_descr sc_align_left\"><p>ja pyyd\u00e4 tarjous vihert\u00f6ist\u00e4<\/p>\n<\/div><\/div><!-- \/.sc_title -->[vc_empty_space height=&#8221;2.7em&#8221; alter_height=&#8221;none&#8221; hide_on_mobile=&#8221;&#8221;]<div id=\"widget_contacts_1530061186\" class=\"widget_area sc_widget_contacts vc_widget_contacts wpb_content_element\"><aside id=\"widget_contacts_1530061186_widget\" class=\"widget widget_contacts\"><div class=\"contacts_wrap\"><div class=\"contacts_info\"><div class=\"contacts_left\"><span class=\"contacts_phone\"><a href=\"tel:0403787403\">0403787403<\/a><\/span><\/div><div class=\"contacts_right\"><span class=\"contacts_email\"><a href=\"mailto:i&#110;f&#111;&#64;v&#105;he&#114;ty&#111;h&#101;&#108;&#101;ni&#117;&#115;.&#102;i\">info@vihertyohelenius.fi<\/a><\/span><\/div><\/div><\/div><!-- \/.contacts_wrap --><\/aside><\/div><\/div><\/div><!-- \/.sc_content -->[\/vc_column][\/vc_row][vc_row][vc_column][vc_empty_space height=&#8221;5.6em&#8221; alter_height=&#8221;none&#8221; hide_on_mobile=&#8221;&#8221;][\/vc_column][\/vc_row]<\/p>\n<\/div>","protected":false},"excerpt":{"rendered":"<p>[vc_row][vc_column][\/vc_column][\/vc_row][vc_row][vc_column][vc_empty_space height=&#8221;4.37em&#8221; alter_height=&#8221;none&#8221; hide_on_mobile=&#8221;&#8221;][vc_empty_space height=&#8221;4.37em&#8221; alter_height=&#8221;none&#8221; hide_on_mobile=&#8221;1,3,2&#8243;][\/vc_column][\/vc_row][vc_row][vc_column offset=&#8221;vc_col-lg-6 vc_col-xs-12&#8243;][vc_single_image image=&#8221;1898&#8243; img_size=&#8221;full&#8221; alignment=&#8221;center&#8221; css=&#8221;.vc_custom_1736865100665{background-position: center !important;background-repeat: no-repeat !important;background-size: cover !important;}&#8221;][vc_empty_space height=&#8221;1.8em&#8221; alter_height=&#8221;none&#8221; hide_on_mobile=&#8221;&#8221;][vc_empty_space height=&#8221;1.8em&#8221; alter_height=&#8221;none&#8221; hide_on_mobile=&#8221;2&#8243;][vc_empty_space height=&#8221;3.6em&#8221; alter_height=&#8221;none&#8221; hide_on_mobile=&#8221;1,3,2&#8243;][\/vc_column][vc_column offset=&#8221;vc_col-lg-6 vc_col-xs-12&#8243;][\/vc_column][\/vc_row][vc_row][vc_column&hellip;<\/p>\n","protected":false},"author":1,"featured_media":0,"parent":0,"menu_order":0,"comment_status":"closed","ping_status":"closed","template":"","meta":{"footnotes":""},"class_list":["post-313","page","type-page","status-publish","hentry"],"_links":{"self":[{"href":"https:\/\/vihertyohelenius.fi\/index.php\/wp-json\/wp\/v2\/pages\/313","targetHints":{"allow":["GET"]}}],"collection":[{"href":"https:\/\/vihertyohelenius.fi\/index.php\/wp-json\/wp\/v2\/pages"}],"about":[{"href":"https:\/\/vihertyohelenius.fi\/index.php\/wp-json\/wp\/v2\/types\/page"}],"author":[{"embeddable":true,"href":"https:\/\/vihertyohelenius.fi\/index.php\/wp-json\/wp\/v2\/users\/1"}],"replies":[{"embeddable":true,"href":"https:\/\/vihertyohelenius.fi\/index.php\/wp-json\/wp\/v2\/comments?post=313"}],"version-history":[{"count":8,"href":"https:\/\/vihertyohelenius.fi\/index.php\/wp-json\/wp\/v2\/pages\/313\/revisions"}],"predecessor-version":[{"id":1911,"href":"https:\/\/vihertyohelenius.fi\/index.php\/wp-json\/wp\/v2\/pages\/313\/revisions\/1911"}],"wp:attachment":[{"href":"https:\/\/vihertyohelenius.fi\/index.php\/wp-json\/wp\/v2\/media?parent=313"}],"curies":[{"name":"wp","href":"https:\/\/api.w.org\/{rel}","templated":true}]}}